he tens digit of 1166499691?
9
What is the thousands digit of 3663814422?
4
What is the tens digit of 438590307?
0
What is the ten millions digit of 2953966246?
5
What is the thousands digit of 338727764?
7
What is the units digit of 2625268968?
8
What is the millions digit of 397255616?
7
What is the ten thousands digit of 94002011?
0
What is the hundreds digit of 1419543327?
3
What is the thousands digit of 440021206?
1
What is the units digit of 176566277?
7
What is the ten millions digit of 142346720?
4
What is the tens digit of 291735257?
5
What is the units digit of 97832667?
7
What is the ten thousands digit of 28553775?
5
What is the hundreds digit of 3431739303?
3
What is the ten millions digit of 5978597188?
7
What is the hundred thousands digit of 2207963075?
9
What is the ten millions digit of 55743358?
5
What is the hundred thousands digit of 71673840?
6
What is the hundreds digit of 138221976?
9
What is the ten thousands digit of 393517068?
1
What is the ten millions digit of 23035837?
2
What is the billions digit of 2511738688?
2
What is the millions digit of 256088174?
6
What is the hundred thousands digit of 38824825?
8
What is the thousands digit of 13003567?
3
What is the ten thousands digit of 83521202?
2
What is the hundreds digit of 5340788?
7
What is the billions digit of 1271596382?
1
What is the units digit of 1395804824?
4
What is the ten millions digit of 277750338?
7
What is the thousands digit of 1930099860?
9
What is the hundred thousands digit of 550134999?
1
What is the millions digit of 91838545?
1
What is the thousands digit of 391147177?
7
What is the ten millions digit of 44007325?
4
What is the hundred thousands digit of 2011350346?
3
What is the thousands digit of 4097864138?
4
What is the units digit of 26981720?
0
What is the ten thousands digit of 5757443904?
4
What is the ten millions digit of 70235928?
7
What is the hundred millions digit of 2977739410?
9
What is the thousands digit of 237547260?
7
What is the ten millions digit of 550274110?
5
What is the hundred thousands digit of 34942769?
9
What is the tens digit of 990104085?
8
What is the hundreds digit of 25340163?
1
What is the thousands digit of 220311407?
1
What is the hundred thousands digit of 68157647?
1
What is the tens digit of 4031084730?
3
What is the hundred millions digit of 133366864?
1
What is the thousands digit of 983604909?
4
What is the ten millions digit of 21535781?
2
What is the millions digit of 309824768?
9
What is the ten millions digit of 169861236?
6
What is the units digit of 4231012?
2
What is the hundred thousands digit of 904862731?
8
What is the hundred thousands digit of 1168599886?
5
What is the billions digit of 1456520611?
1
What is the billions digit of 4737688518?
4
What is the hundred thousands digit of 259357114?
3
What is the millions digit of 3869594254?
9
What is the hundreds digit of 69139758?
7
What is the hundred millions digit of 1253324802?
2
What is the ten thousands digit of 2317840960?
4
What is the millions digit of 697664294?
7
What is the tens digit of 31580118?
1
What is the millions digit of 906621745?
6
What is the millions digit of 45040415?
5
What is the ten thousands digit of 488985161?
8
What is the thousands digit of 449018508?
8
What is the thousands digit of 550547698?
7
What is the ten millions digit of 1830624026?
3
What is the millions digit of 64807240?
4
What is the tens digit of 64715632?
3
What is the hundred thousands digit of 37029490?
0
What is the units digit of 28685628?
8
What is the hundred thousands digit of 6253164?
2
What is the ten millions digit of 2454850516?
5
What is the hundreds digit of 83590074?
0
What is the units digit of 851025191?
1
What is the tens digit of 3403535802?
0
What is the hundred millions digit of 1919867255?
9
What is the thousands digit of 4919426553?
6
What is the tens digit of 31089915?
1
What is the hundred thousands digit of 227286492?
2
What is the hundred thousands digit of 15990846?
9
What is the thousands digit of 183026194?
6
What is the hundreds digit of 4748747449?
4
What is the ten thousands digit of 1957757769?
5
What is the hundreds digit of 78815111?
1
What is the millions digit of 31082406?
1
What is the ten thousands digit of 388061508?
6
What is the tens digit of 3098390791?
9
What is the units digit of 74893616?
6
What is the millions digit of 1266607298?
6
What is the ten thousands digit of 1306735969?
3
What is the ten millions digit of 3506359563?
0
What is the tens digit of 19096517?
1
What is the tens digit of 1260695500?
0
What is the ten thousands digit of 60990206?
9
What is the units digit of 61204875?
5
What is the hundred thousands digit of 15131975?
1
What is the hundred thousands digit of 121428116?
4
What is the units digit of 3227446865?
5
What is the hundreds digit of 1038984452?
4
What is the billions digit of 1937409728?
1
What is the units digit of 140518309?
9
What is the ten millions digit of 23584478?
2
What is the ten millions digit of 447786471?
4
What is the hundred thousands digit of 235756930?
7
What is the millions digit of 64782052?
4
What is the units digit of 1962962576?
6
What is the units digit of 41236194?
4
What is the units digit of 2026804968?
8
What is the hundred thousands digit of 5686077285?
0
What is the billions digit of 1260828523?
1
What is the hundred thousands digit of 82028562?
0
What is the hundred millions digit of 2146494482?
1
What is the hundred thousands digit of 60608733?
6
What is the ten millions digit of 1784849445?
8
What is the hundreds digit of 115299437?
4
What is the hundreds digit of 756331633?
6
What is the hundred millions digit of 387008151?
3
What is the billions digit of 2439912306?
2
What is the hundred thousands digit of 2305233062?
2
What is the units digit of 66749731?
1
What is the thousands digit of 353132465?
2
What is the hundreds digit of 3204087204?
2
What is the thousands digit of 1014177?
4
What is the ten millions digit of 61990017?
6
What is the millions digit of 151785748?
1
What is the tens digit of 36370100?
0
What is the hundred thousands digit of 3837948521?
9
What is the hundreds digit of 140750773?
7
What is the ten thousands digit of 618376283?
7
What is the thousands digit of 454835631?
5
What is the units digit of 1466940789?
9
What is the tens digit of 200620039?
3
What is the thousands digit of 58020417?
0
What is the thousands digit of 220634820?
4
What is the ten millions digit of 48429412?
4
What is the units digit of 167604427?
7
What is the hundred thousands digit of 599417807?
4
What is the hundred thousands digit of 3164071986?
0
What is the ten thousands digit of 785163120?
6
What is the hundreds digit of 1103355249?
2
What is the thousands digit of 48233132?
3
What is the tens digit of 9746722?
2
What is the units digit of 303971316?
6
What is the millions digit of 9435529?
9
What is the billions digit of 1624779042?
1
What is the units digit of 31930761?
1
What is the hundreds digit of 334912549?
5
What is the ten millions digit of 149055040?
4
What is the tens digit of 344540419?
1
What is the hundred thousands digit of 143970029?
9
What is the hundred millions digit of 685689047?
6
What is the thousands digit of 1232570666?
0
What is the millions digit of 40629486?
0
What is the units digit of 238614988?
8
What is the ten millions digit of 64808825?
6
What is the ten millions digit of 611679175?
1
What is the hundred millions digit of 3882518794?
8
What is the millions digit of 846813013?
6
What is the units digit of 607058098?
8
What is the hundred thousands digit of 39385576?
3
What is the hundreds digit of 6504550995?
9
What is the billions digit of 3022539709?
3
What is the tens digit of 1479680538?
3
What is the millions digit of 83191018?
3
What is the millions digit of 1423844914?
3
What is the hundred millions digit of 1414831686?
4
What is the ten millions digit of 565568610?
6
What is the hundred thousands digit of 62428451?
4
What is the tens digit of 943064415?
1
What is the thousands digit of 233345336?
5
What is the tens digit of 701093690?
9
What is the hundred thousands digit of 4477484451?
4
What is the hundred thousands digit of 59588110?
5
What is the millions digit of 942265622?
2
What is the